ighest common divisor of 12 and n?
6
Let c(y) = y. Let n(s) = -27*s**2 + 2*s - 1. Let d(v) = 4*c(v) - n(v). Let q be d(-1). Suppose -k - q = -74. Calculate the highest common divisor of 6 and k.
6
Let f be (-46)/(-6)*12/4. Calculate the highest common divisor of 253 and f.
23
Suppose -2*w + 2*q = -318, 2*w + 4*q - 596 = -2*w. Let k(m) = -m**2 + 9*m - 6. Let d be k(4). What is the greatest common divisor of w and d?
14
Let q = 10 + 35. What is the highest common factor of q and 30?
15
Let n(k) = 24*k**2 + 2*k - 2. Let a be n(-2). Let p(q) = -3*q - 8. Let b be p(-6). Calculate the highest common divisor of b and a.
10
Suppose -4*k - 8 = -2*h, 0 = 4*h - 3*h - 4*k - 4. Suppose -n - h = n. Let q be -1 - (-15)/(-2)*n. Calculate the greatest common divisor of 42 and q.
14
Suppose -7*d - 224 = -8*d. Calculate the highest common divisor of 28 and d.
28
Let f = -6 - -9. Suppose 0*q = -f*q + 33. Calculate the highest common factor of q and 33.
11
Let h be 5280/140 - 4/(-14). Calculate the greatest common divisor of 95 and h.
19
Suppose 0 = -2*k - 0*k + 6. What is the greatest common factor of k and 1?
1
Let i(x) = 41*x - 11. Let y be i(3). Calculate the greatest common divisor of y and 32.
16
Let l(i) = 22*i**2 - 2*i + 1. Let x be l(2). Let z = x - 49. What is the highest common divisor of 54 and z?
18
Let a be (-13)/(4/(-2) - -1). Let u(p) = p**3 + p**2 - 96. Let f be u(0). Let r = -31 - f. What is the highest common divisor of r and a?
13
Let i(b) = -45*b + 1. Suppose z - 3*z - 2 = 0. Let l be i(z). Let m(q) = q**2 - q + 69. Let c be m(0). Calculate the highest common factor of c and l.
23
Suppose 3*o + 11 - 74 = 0. Let i be (-6)/(-4) + (-5)/(40/(-12)). Calculate the greatest common divisor of o and i.
3
Let f be (2 - 0 - 0)*4. What is the greatest common factor of 40 and f?
8
Suppose 5*q + 4*m = m + 211, 15 = -5*m. Calculate the highest common factor of q and 4.
4
Suppose 4*i + 4*x - 20 = 0, -5*i - 3 = x - 3*x. Calculate the greatest common factor of i and 2.
1
Suppose -4*o + 2*d = -12, 0 = 3*o - 3*d - 1 - 8. Suppose 0 = -2*j + 3*u + 31, o*j - 8*u + 3*u - 49 = 0. What is the greatest common factor of j and 56?
8
Let k be -72*-2*(-5)/(-15). What is the highest common factor of 36 and k?
12
Suppose -184 = -4*o - 4*x, 5*x = 6 - 1. What is the highest common factor of o and 30?
15
Let p(o) = o + 13. Let s be p(9). Let h = 2 + s. Calculate the highest common factor of h and 8.
8
Let x be 4 + (0 - 5) + 6. What is the highest common divisor of x and 25?
5
Suppose 4*k - 379 - 41 = 0. What is the highest common factor of 42 and k?
21
Let y = 203 + -141. Let c = -42 + y. What is the highest common divisor of c and 4?
4
Let g(n) = n**2 - 5*n + 4. Let a be g(7). Suppose -h + 5*y - 23 = 0, -h + 4*y + 1 - 19 = 0. Calculate the greatest common divisor of a and h.
2
Let y(x) = -x**3 - 4*x**2 - x - 1. Let t be y(-4). Let f be (-1)/t - 53/3. Let z = f - -95. Calculate the greatest common factor of z and 7.
7
Let b be 6/(-24) + (-58)/(-8). What is the greatest common divisor of b and 35?
7
Let w be (-2)/(((-2)/(-19))/(-1)). Suppose 0 = -5*t + 1300 - 255. Calculate the greatest common divisor of w and t.
19
Suppose 0 = 6*w - 163 - 467. What is the greatest common divisor of 21 and w?
21
Let t(k) = -13*k + 11. Let i be t(-9). Suppose 22 - 6 = 4*g, 4*q + g - i = 0. Let p = q - -77. What is the greatest common factor of p and 12?
12
Let m(o) = o + 2. Let h be m(5). Suppose -10 = 2*z - h*z. Let i be (-1088)/(-36) - z/9. What is the highest common divisor of 6 and i?
6
Suppose 8 = -b + 2*b. Let j be 4/((180/10)/9). Calculate the greatest common divisor of b and j.
2
Let t(q) = -8*q**3 + 5*q**2 + 6*q + 3. Let h be t(-2). Calculate the highest common divisor of 60 and h.
15
Suppose -3*q + 14 + 1 = 0. Suppose q*z = -3*i + 42, -2*i = 4*z - 12 - 14. Let b(l) = 20*l**2 - l. Let r be b(1). What is the highest common factor of r and i?
19
Let v(o) = 4*o**2 - o + 1. Let d be v(-3). Let y = d - 25. Calculate the highest common divisor of 6 and y.
3
Let o be (-11)/(-7) + (-9)/(-21). Let p(c) = 35*c - 2. Let j be p(o). Calculate the greatest common divisor of j and 34.
34
Suppose 3*g + 14 - 62 = 0. Let j(f) = f**3 - f**2 - f + 1. Let p be j(-2). Let h = g + p. What is the greatest common divisor of 56 and h?
7
Suppose 0 = -w + 2*w + 5*o - 836, -3*o = 12. Suppose w - 18 = 4*m + 2*d, d = 3*m - 621. Calculate the greatest common factor of 26 and m.
26
Let f = 32 - 31. What is the greatest common factor of f and 5?
1
Let c(n) = -2*n + 4. Let j be c(3). Let k be -10*(2 + j - 1). What is the highest common factor of 70 and k?
10
Suppose -4*d - 71 = -527. Let w = -13 + d. Let f = w + 27. Calculate the highest common factor of f and 16.
16
Suppose 3*u - 45 = -3. Suppose -3*a + 28 = -u. What is the greatest common divisor of a and 14?
14
Suppose -j - 12 = -4*j. Let f be (4 - (-2 + 5))/1 + 35. What is the greatest common factor of f and j?
4
Suppose -6*m = -m - 4*x - 12, 4*m + x = 18. Suppose 0 = -6*w + 105 + 111. Calculate the highest common factor of w and m.
4
Let a(w) = w**3 - 5*w**2 - 2*w - 12. Let x be a(6). Calculate the highest common divisor of 24 and x.
12
Let a(r) = -r**2 - 8*r + 5. Let f be a(-4). Calculate the highest common factor of f and 189.
21
Suppose 3*o = 0, f - 4 = -f - 3*o. Suppose 0 = f*b + h - 229, 0*b + b = -5*h + 137. Calculate the greatest common divisor of b and 14.
14
Suppose -5*u = 4*d - 0*u - 2, 5*u = -10. Let o = 8 + d. Calculate the greatest common factor of 22 and o.
11
Let d(l) be the first derivative of -39*l**2/2 + l - 1. Let k be d(-1). Calculate the highest common factor of k and 8.
8
Suppose x + 2 = 79. Let z be (-7 - -15) + 2/((-2)/(-3)). Calculate the greatest common factor of x and z.
11
Let n = -83 - -118. Calculate the highest common divisor of 7 and n.
7
Let v(m) = 3*m. Let c be v(1). Suppose -8*x + 255 = -c*x. What is the highest common factor of 17 and x?
17
Suppose 3*f + 16 - 58 = 0. Let q = 2 + -2. Suppose 2*b - 5 + 1 = q. Calculate the greatest common factor of b and f.
2
Suppose -3*f = 3*g + 15, 3*g - 23 = f - 2*g. Let u be (f/12)/((-1)/30). Calculate the highest common divisor of 100 and u.
20
Suppose -4*p + 4*o - 1032 = 0, -1032 = 4*p + 5*o - 3*o. Let i be (-15)/10 - p/4. Calculate the greatest common factor of 9 and i.
9
Suppose 0 = 29*o - 2186 + 156. Let v = 9 - 4. Suppose -v - 5 = -m. Calculate the greatest common factor of o and m.
10
Let r be (-2 - -38) + 2/1. Let o = 3 - 4. Let n be ((0 - 0) + -19)/o. What is the highest common divisor of r and n?
19
Let l = -82 + 130. Calculate the highest common factor of l and 6.
6
Suppose -25 = 5*i, j - 7 = 4*i + 3. Let x be 6/(-30) - (-38)/j. Let o be x/10 + (-32)/(-5). Calculate the greatest common factor of o and 6.
6
Let o = -1 + -23. Let f = -13 - o. Let w = -8 + 63. Calculate the highest common divisor of w and f.
11
Suppose 2*t + 2*j - 4 = 0, -2*t - 5*j = -0*t - 4. Let k = t - -4. Calculate the greatest common divisor of 9 and k.
3
Let v(l) = l**3 + 4*l**2 - 7*l - 7. Let k be v(-5). Let r be (-3 + (k - 8))*-11. What is the greatest common divisor of 11 and r?
11
Let x(w) = -34*w + 7. Let y be x(-2). What is the highest common factor of y and 15?
15
Let p(g) = g + 3. Let d be p(4). Let o = 1 + d. Calculate the highest common divisor of 20 and o.
4
Let z be 39/4 + 2/8. Let g = 5 + -8. Let x be g/((-3)/35)*2. Calculate the highest common factor of x and z.
10
Let k be 1 - (-4)/(12/27). Suppose k = 5*b - 5. Let z be b + -2 - (-3)/1. What is the highest common factor of z and 1?
1
Let i = -18 - -51. What is the highest common divisor of 264 and i?
33
Suppose -35 - 10 = -5*q. Suppose 2 = y - q. Suppose -5*v - y = -91. Calculate the greatest common divisor of 2 and v.
2
Let o(r) = r**3 + 8*r**2 + 4*r - 10. Let f be o(-7). Let c(m) = m**2 - 4*m + 2. Let b be c(5). Let l = f - b. Calculate the greatest common factor of l and 20.
4
Let d(w) = w**2 - w - 3. Let y be d(3). Suppose 0*l = y*l. Let x = l + 1. Calculate the highest common divisor of 2 and x.
1
Suppose -5*u + a - 253 = -658, -2*u - a + 162 = 0. Calculate the highest common divisor of u and 27.
27
Suppose 29 - 284 = -3*j. Let s(u) = 7*u - 1. Let n be s(5). Let t be (n/4)/1*2. Calculate the greatest common divisor of t and j.
17
Suppose m - 